{"id":1138,"date":"2024-02-29T16:25:28","date_gmt":"2024-02-29T15:25:28","guid":{"rendered":"https:\/\/alpillesbio.lombard.ovh\/?page_id=1138"},"modified":"2024-05-06T10:08:06","modified_gmt":"2024-05-06T08:08:06","slug":"nos-services","status":"publish","type":"page","link":"https:\/\/alpillesbio.lombard.ovh\/index.php\/nos-services\/","title":{"rendered":"Nos services"},"content":{"rendered":"<p>[et_pb_section fb_built=\u00a0\u00bb1&Prime; _builder_version=\u00a0\u00bb4.23.1&Prime; _module_preset=\u00a0\u00bbdefault\u00a0\u00bb background_image=\u00a0\u00bbhttp:\/\/alpillesbio.lombard.ovh\/wp-content\/uploads\/2024\/02\/50-Alpilles-Bio-4Q5A0625-\u00a9Joel-Lombard.webp\u00a0\u00bb min_height=\u00a0\u00bb30vh\u00a0\u00bb global_colors_info=\u00a0\u00bb{}\u00a0\u00bb][\/et_pb_section][et_pb_section fb_built=\u00a0\u00bb1&Prime; _builder_version=\u00a0\u00bb4.23.1&Prime; _module_preset=\u00a0\u00bbdefault\u00a0\u00bb background_color=\u00a0\u00bbrgba(0,0,0,0.08)\u00a0\u00bb global_colors_info=\u00a0\u00bb{}\u00a0\u00bb][et_pb_row _builder_version=\u00a0\u00bb4.23.1&Prime; _module_preset=\u00a0\u00bbdefault\u00a0\u00bb global_colors_info=\u00a0\u00bb{}\u00a0\u00bb][et_pb_column type=\u00a0\u00bb4_4&Prime; _builder_version=\u00a0\u00bb4.23.1&Prime; _module_preset=\u00a0\u00bbdefault\u00a0\u00bb global_colors_info=\u00a0\u00bb{}\u00a0\u00bb][et_pb_post_title meta=\u00a0\u00bboff\u00a0\u00bb featured_image=\u00a0\u00bboff\u00a0\u00bb _builder_version=\u00a0\u00bb4.23.1&Prime; _module_preset=\u00a0\u00bbdefault\u00a0\u00bb title_font=\u00a0\u00bb|700|||||||\u00a0\u00bb text_orientation=\u00a0\u00bbcenter\u00a0\u00bb global_colors_info=\u00a0\u00bb{}\u00a0\u00bb][\/et_pb_post_title][\/et_pb_column][\/et_pb_row][\/et_pb_section][et_pb_section fb_built=\u00a0\u00bb1&Prime; _builder_version=\u00a0\u00bb4.23.1&Prime; _module_preset=\u00a0\u00bbdefault\u00a0\u00bb global_colors_info=\u00a0\u00bb{}\u00a0\u00bb][et_pb_row use_custom_gutter=\u00a0\u00bbon\u00a0\u00bb _builder_version=\u00a0\u00bb4.23.1&Prime; _module_preset=\u00a0\u00bbdefault\u00a0\u00bb width=\u00a0\u00bb90%\u00a0\u00bb global_colors_info=\u00a0\u00bb{}\u00a0\u00bb][et_pb_column type=\u00a0\u00bb4_4&Prime; _builder_version=\u00a0\u00bb4.23.1&Prime; _module_preset=\u00a0\u00bbdefault\u00a0\u00bb global_colors_info=\u00a0\u00bb{}\u00a0\u00bb][et_pb_divider color=\u00a0\u00bb#2F9172&Prime; divider_weight=\u00a0\u00bb5px\u00a0\u00bb _builder_version=\u00a0\u00bb4.23.1&Prime; _module_preset=\u00a0\u00bbdefault\u00a0\u00bb width=\u00a0\u00bb13%\u00a0\u00bb module_alignment=\u00a0\u00bbcenter\u00a0\u00bb global_colors_info=\u00a0\u00bb{}\u00a0\u00bb][\/et_pb_divider][et_pb_text _builder_version=\u00a0\u00bb4.23.1&Prime; _module_preset=\u00a0\u00bbdefault\u00a0\u00bb text_font=\u00a0\u00bbPlayfair Display|700|||||||\u00a0\u00bb text_text_color=\u00a0\u00bb#2F9172&Prime; text_font_size=\u00a0\u00bb35px\u00a0\u00bb text_orientation=\u00a0\u00bbcenter\u00a0\u00bb custom_padding=\u00a0\u00bb||27px||false|false\u00a0\u00bb global_colors_info=\u00a0\u00bb{}\u00a0\u00bb]<\/p>\n<p>Th\u00e9rapeutes<\/p>\n<p>[\/et_pb_text][et_pb_text _builder_version=\u00a0\u00bb4.23.1&Prime; _module_preset=\u00a0\u00bbdefault\u00a0\u00bb text_orientation=\u00a0\u00bbcenter\u00a0\u00bb custom_padding=\u00a0\u00bb|15%||15%|false|true\u00a0\u00bb custom_padding_tablet=\u00a0\u00bb|15%||15%|false|true\u00a0\u00bb custom_padding_phone=\u00a0\u00bb|0%||0%|false|true\u00a0\u00bb custom_padding_last_edited=\u00a0\u00bbon|phone\u00a0\u00bb text_orientation_tablet=\u00a0\u00bbcenter\u00a0\u00bb text_orientation_phone=\u00a0\u00bbleft\u00a0\u00bb text_orientation_last_edited=\u00a0\u00bbon|phone\u00a0\u00bb global_colors_info=\u00a0\u00bb{}\u00a0\u00bb]<\/p>\n<p>Toujours \u00e0 l\u2019\u00e9coute de vos besoins et de votre exigence, nos partenaires th\u00e9rapeutes vous re\u00e7oivent au magasin Alpilles Bio. Professionnels et comp\u00e9tents ils s\u2019investissent et s\u2019engagent pour vous proposer toujours plus de conseils et de services.<\/p>\n<p>[\/et_pb_text][et_pb_team_member name=\u00a0\u00bbMila Rodriguez\u00a0\u00bb position=\u00a0\u00bbNATUROPATHE\u00a0\u00bb image_url=\u00a0\u00bbhttp:\/\/alpillesbio.lombard.ovh\/wp-content\/uploads\/2024\/02\/Milagros-Rodriguez-Naturopathe.jpg\u00a0\u00bb use_icon_font_size=\u00a0\u00bbon\u00a0\u00bb _builder_version=\u00a0\u00bb4.23.1&Prime; _module_preset=\u00a0\u00bbdefault\u00a0\u00bb header_font_size=\u00a0\u00bb28px\u00a0\u00bb position_font=\u00a0\u00bb|700|||||||\u00a0\u00bb position_text_color=\u00a0\u00bb#FFFFFF\u00a0\u00bb position_font_size=\u00a0\u00bb20px\u00a0\u00bb position_line_height=\u00a0\u00bb2em\u00a0\u00bb background_color=\u00a0\u00bb#2F9172&Prime; background_enable_image=\u00a0\u00bboff\u00a0\u00bb background_layout=\u00a0\u00bbdark\u00a0\u00bb custom_padding=\u00a0\u00bb40px|40px|40px|40px|false|true\u00a0\u00bb border_radii_image=\u00a0\u00bbon|220px|220px|220px|220px\u00a0\u00bb border_width_all_image=\u00a0\u00bb8px\u00a0\u00bb border_color_all_image=\u00a0\u00bb#FFFFFF\u00a0\u00bb global_colors_info=\u00a0\u00bb{}\u00a0\u00bb]<\/p>\n<p>Dipl\u00f4m\u00e9e de l\u2019\u00e9cole Euronat d\u2019Aix en Provence depuis 2011 et responsable du rayon compl\u00e9ments alimentaires du magasin Alpilles Bio, Mila vous propose des s\u00e9ances conseil de 30 minutes sur une probl\u00e9matique particuli\u00e8re de di\u00e9t\u00e9tique, de bien-\u00eatre et de sant\u00e9.<\/p>\n<p>Profond\u00e9ment empathique, Mila vous aidera \u00e0 mieux conna\u00eetre vos forces et vos faiblesses en respectant votre nature unique.<\/p>\n<p>Contact :<br \/>T\u00e9l. 06 17 56 82 81<br \/>Email \u00a0: <a href=\"mailto:mila79@hotmail.fr\">mila79@hotmail.fr<\/a><\/p>\n<p>[\/et_pb_team_member][et_pb_team_member name=\u00a0\u00bbLaurent Roche\u00a0\u00bb position=\u00a0\u00bbNATUROPATHE\u00a0\u00bb image_url=\u00a0\u00bbhttp:\/\/alpillesbio.lombard.ovh\/wp-content\/uploads\/2024\/02\/Laurent-Roche-Naturopathe.jpg\u00a0\u00bb use_icon_font_size=\u00a0\u00bbon\u00a0\u00bb _builder_version=\u00a0\u00bb4.23.1&Prime; _module_preset=\u00a0\u00bbdefault\u00a0\u00bb header_font_size=\u00a0\u00bb28px\u00a0\u00bb position_font=\u00a0\u00bb|700|||||||\u00a0\u00bb position_text_color=\u00a0\u00bb#000000&Prime; position_font_size=\u00a0\u00bb20px\u00a0\u00bb position_line_height=\u00a0\u00bb2em\u00a0\u00bb background_color=\u00a0\u00bbrgba(47,145,114,0.18)\u00a0\u00bb background_enable_image=\u00a0\u00bboff\u00a0\u00bb custom_padding=\u00a0\u00bb40px|40px|40px|40px|false|true\u00a0\u00bb border_radii_image=\u00a0\u00bbon|220px|220px|220px|220px\u00a0\u00bb border_width_all_image=\u00a0\u00bb8px\u00a0\u00bb border_color_all_image=\u00a0\u00bb#FFFFFF\u00a0\u00bb global_colors_info=\u00a0\u00bb{}\u00a0\u00bb]Laurent utilise diff\u00e9rentes m\u00e9thodes naturelles comme la di\u00e9t\u00e9tique, l\u2019aromath\u00e9rapie, la phytoth\u00e9rapie, la nutrith\u00e9rapie, l\u2019oligoth\u00e9rapie mais \u00e9galement l\u2019iridologie. Il pratique \u00e9galement le bilan Prot\u00e9omis du laboratoire CEIA qui est un bilan de biologie pr\u00e9dictive, \u00e9tablie \u00e0 partir des diff\u00e9rentes prot\u00e9ines du s\u00e9rum sanguin.<\/p>\n<p>Contact<br \/>\n06 60 08 57 95<br \/>\nEmail  : rochelolo@gmail.com.<br \/>\nSite web : www.le-souffle-depione.com\/[\/et_pb_team_member][et_pb_team_member name=\u00a0\u00bbS\u00e9bastien Perron\u00a0\u00bb position=\u00a0\u00bbNATUROPATHE\u00a0\u00bb image_url=\u00a0\u00bbhttp:\/\/alpillesbio.lombard.ovh\/wp-content\/uploads\/2024\/02\/Sebastien-Perron-Naturopathe.jpg\u00a0\u00bb use_icon_font_size=\u00a0\u00bbon\u00a0\u00bb _builder_version=\u00a0\u00bb4.23.1&Prime; _module_preset=\u00a0\u00bbdefault\u00a0\u00bb header_font_size=\u00a0\u00bb28px\u00a0\u00bb position_font=\u00a0\u00bb|700|||||||\u00a0\u00bb position_text_color=\u00a0\u00bb#000000&Prime; position_font_size=\u00a0\u00bb20px\u00a0\u00bb position_line_height=\u00a0\u00bb2em\u00a0\u00bb background_color=\u00a0\u00bb#77D1B5&Prime; background_enable_image=\u00a0\u00bboff\u00a0\u00bb custom_padding=\u00a0\u00bb40px|40px|40px|40px|false|true\u00a0\u00bb border_radii_image=\u00a0\u00bbon|220px|220px|220px|220px\u00a0\u00bb border_width_all_image=\u00a0\u00bb8px\u00a0\u00bb border_color_all_image=\u00a0\u00bb#FFFFFF\u00a0\u00bb global_colors_info=\u00a0\u00bb{}\u00a0\u00bb]<\/p>\n<p>Sportif depuis son plus jeune \u00e2ge et fascin\u00e9 par le fonctionnement du corps humain et les diff\u00e9rents facteurs pouvant agir sur celui-ci, S\u00e9bastien Perron lit des tas de livres sur l\u2019entra\u00eenement, la physio-anatomie du corps, la nutrition, ou bien des essais scientifiques de chercheurs ou m\u00e9decins.<\/p>\n<p>Vous pouvez le contacter par t\u00e9l\u00e9phone au 07 56 80 51 95 ou par email \u00e0 cette adresse : contact@sante-en-main.fr<\/p>\n<p>Site web : www.sante-en-main.fr<\/p>\n<p>[\/et_pb_team_member][\/et_pb_column][\/et_pb_row][\/et_pb_section][et_pb_section fb_built=\u00a0\u00bb1&Prime; _builder_version=\u00a0\u00bb4.23.1&Prime; _module_preset=\u00a0\u00bbdefault\u00a0\u00bb global_colors_info=\u00a0\u00bb{}\u00a0\u00bb][et_pb_row column_structure=\u00a0\u00bb1_2,1_2&Prime; make_equal=\u00a0\u00bbon\u00a0\u00bb _builder_version=\u00a0\u00bb4.23.1&Prime; _module_preset=\u00a0\u00bbdefault\u00a0\u00bb width_tablet=\u00a0\u00bb\u00a0\u00bb width_phone=\u00a0\u00bb90%\u00a0\u00bb width_last_edited=\u00a0\u00bbon|phone\u00a0\u00bb custom_css_main_element=\u00a0\u00bbalign-items: center;\u00a0\u00bb global_colors_info=\u00a0\u00bb{}\u00a0\u00bb][et_pb_column type=\u00a0\u00bb1_2&Prime; _builder_version=\u00a0\u00bb4.23.1&Prime; _module_preset=\u00a0\u00bbdefault\u00a0\u00bb global_colors_info=\u00a0\u00bb{}\u00a0\u00bb][et_pb_image src=\u00a0\u00bbhttp:\/\/alpillesbio.lombard.ovh\/wp-content\/uploads\/2024\/05\/Firefly-livraison-de-produit-bio-bio-77480-copie.webp\u00a0\u00bb title_text=\u00a0\u00bbFirefly livraison de produit bio bio 77480 copie\u00a0\u00bb _builder_version=\u00a0\u00bb4.23.1&Prime; _module_preset=\u00a0\u00bbdefault\u00a0\u00bb border_radii=\u00a0\u00bbon|10px|10px|10px|10px\u00a0\u00bb global_colors_info=\u00a0\u00bb{}\u00a0\u00bb][\/et_pb_image][\/et_pb_column][et_pb_column type=\u00a0\u00bb1_2&Prime; _builder_version=\u00a0\u00bb4.23.1&Prime; _module_preset=\u00a0\u00bbdefault\u00a0\u00bb global_colors_info=\u00a0\u00bb{}\u00a0\u00bb][et_pb_text _builder_version=\u00a0\u00bb4.23.1&Prime; _module_preset=\u00a0\u00bbdefault\u00a0\u00bb text_font=\u00a0\u00bbPlayfair Display|700|||||||\u00a0\u00bb text_text_color=\u00a0\u00bb#2F9172&Prime; text_font_size=\u00a0\u00bb35px\u00a0\u00bb global_colors_info=\u00a0\u00bb{}\u00a0\u00bb]<\/p>\n<p>Services de livraison<\/p>\n<p>[\/et_pb_text][et_pb_text _builder_version=\u00a0\u00bb4.23.1&Prime; _module_preset=\u00a0\u00bbdefault\u00a0\u00bb custom_padding=\u00a0\u00bb20px|||||\u00a0\u00bb hover_enabled=\u00a0\u00bb0&Prime; global_colors_info=\u00a0\u00bb{}\u00a0\u00bb sticky_enabled=\u00a0\u00bb0&Prime;]<\/p>\n<p><strong>Bient\u00f4t, notre service de livraison sera disponible pour vous offrir la meilleure s\u00e9lection de produits frais, sains et respectueux de l&rsquo;environnement, directement \u00e0 votre porte.<\/strong><\/p>\n<p>Restez \u00e0 l&rsquo;\u00e9coute pour plus d&rsquo;informations sur le lancement officiel de notre service de livraison. Ensemble, embrassons un mode de vie sain, durable et d\u00e9licieux.<\/p>\n<p>[\/et_pb_text][\/et_pb_column][\/et_pb_row][\/et_pb_section][et_pb_section fb_built=\u00a0\u00bb1&Prime; _builder_version=\u00a0\u00bb4.23.1&Prime; _module_preset=\u00a0\u00bbdefault\u00a0\u00bb global_colors_info=\u00a0\u00bb{}\u00a0\u00bb][et_pb_row _builder_version=\u00a0\u00bb4.23.1&Prime; _module_preset=\u00a0\u00bbdefault\u00a0\u00bb custom_padding=\u00a0\u00bb||||false|false\u00a0\u00bb global_colors_info=\u00a0\u00bb{}\u00a0\u00bb][et_pb_column type=\u00a0\u00bb4_4&Prime; _builder_version=\u00a0\u00bb4.23.1&Prime; _module_preset=\u00a0\u00bbdefault\u00a0\u00bb global_colors_info=\u00a0\u00bb{}\u00a0\u00bb][et_pb_divider color=\u00a0\u00bb#2F9172&Prime; divider_weight=\u00a0\u00bb5px\u00a0\u00bb _builder_version=\u00a0\u00bb4.23.1&Prime; _module_preset=\u00a0\u00bbdefault\u00a0\u00bb width=\u00a0\u00bb13%\u00a0\u00bb module_alignment=\u00a0\u00bbcenter\u00a0\u00bb global_colors_info=\u00a0\u00bb{}\u00a0\u00bb][\/et_pb_divider][et_pb_image src=\u00a0\u00bbhttp:\/\/alpillesbio.lombard.ovh\/wp-content\/uploads\/2024\/04\/Logo-Terre-et-Ble.webp\u00a0\u00bb title_text=\u00a0\u00bbLogo-Terre-et-Ble\u0301\u00a0\u00bb align=\u00a0\u00bbcenter\u00a0\u00bb _builder_version=\u00a0\u00bb4.23.1&Prime; _module_preset=\u00a0\u00bbdefault\u00a0\u00bb width=\u00a0\u00bb46%\u00a0\u00bb module_alignment=\u00a0\u00bbcenter\u00a0\u00bb global_colors_info=\u00a0\u00bb{}\u00a0\u00bb][\/et_pb_image][\/et_pb_column][\/et_pb_row][et_pb_row _builder_version=\u00a0\u00bb4.23.1&Prime; _module_preset=\u00a0\u00bbdefault\u00a0\u00bb global_colors_info=\u00a0\u00bb{}\u00a0\u00bb][et_pb_column type=\u00a0\u00bb4_4&Prime; _builder_version=\u00a0\u00bb4.23.1&Prime; _module_preset=\u00a0\u00bbdefault\u00a0\u00bb global_colors_info=\u00a0\u00bb{}\u00a0\u00bb][et_pb_text _builder_version=\u00a0\u00bb4.23.1&Prime; _module_preset=\u00a0\u00bbdefault\u00a0\u00bb width=\u00a0\u00bb80%\u00a0\u00bb module_alignment=\u00a0\u00bbcenter\u00a0\u00bb global_colors_info=\u00a0\u00bb{}\u00a0\u00bb]<\/p>\n<p><span>Henri de Pazzis, plong\u00e9 dans l\u2019agriculture biologique depuis 1982 et install\u00e9 \u00e0 Maillane depuis 2014 a toujours dit qu\u2019un jour il serait boulanger. Un passionn\u00e9 de la terre dont la production de bl\u00e9 s\u2019\u00e9tire sur 45 hectares jusqu\u2019\u00e0 Saint-R\u00e9my de Provence. Il souhaitait proposer des farines d\u2019une grande puret\u00e9 dont le passage dans le moulin \u00f4te toutes les fibres abrasives pour l\u2019organisme, un avantage pour la d\u00e9gustation et la digestion.<\/span><\/p>\n<p>[\/et_pb_text][\/et_pb_column][\/et_pb_row][et_pb_row _builder_version=\u00a0\u00bb4.23.1&Prime; _module_preset=\u00a0\u00bbdefault\u00a0\u00bb width=\u00a0\u00bb100%\u00a0\u00bb custom_padding=\u00a0\u00bb||||false|false\u00a0\u00bb global_colors_info=\u00a0\u00bb{}\u00a0\u00bb][et_pb_column type=\u00a0\u00bb4_4&Prime; _builder_version=\u00a0\u00bb4.23.1&Prime; _module_preset=\u00a0\u00bbdefault\u00a0\u00bb global_colors_info=\u00a0\u00bb{}\u00a0\u00bb][et_pb_image src=\u00a0\u00bbhttp:\/\/alpillesbio.lombard.ovh\/wp-content\/uploads\/2024\/04\/Alpilles-Bio-Terre-et-ble-4Q5A0684-@JLombard.webp\u00a0\u00bb title_text=\u00a0\u00bbAlpilles Bio &#8211; Terre et bl\u00e9 &#8211; 4Q5A0684 &#8211; @JLombard\u00a0\u00bb _builder_version=\u00a0\u00bb4.23.1&Prime; _module_preset=\u00a0\u00bbdefault\u00a0\u00bb global_colors_info=\u00a0\u00bb{}\u00a0\u00bb][\/et_pb_image][\/et_pb_column][\/et_pb_row][et_pb_row _builder_version=\u00a0\u00bb4.23.1&Prime; _module_preset=\u00a0\u00bbdefault\u00a0\u00bb global_colors_info=\u00a0\u00bb{}\u00a0\u00bb][et_pb_column type=\u00a0\u00bb4_4&Prime; _builder_version=\u00a0\u00bb4.23.1&Prime; _module_preset=\u00a0\u00bbdefault\u00a0\u00bb global_colors_info=\u00a0\u00bb{}\u00a0\u00bb][et_pb_text _builder_version=\u00a0\u00bb4.23.1&Prime; _module_preset=\u00a0\u00bbdefault\u00a0\u00bb width=\u00a0\u00bb80%\u00a0\u00bb module_alignment=\u00a0\u00bbcenter\u00a0\u00bb global_colors_info=\u00a0\u00bb{}\u00a0\u00bb]<\/p>\n<p><span>D\u00e8s 8h, nous proposons des petits-d\u00e9jeuners. Puis, \u00e0 partir de 12h le chef vous propose chaque jour des sandwiches et salades \u00e0 emporter ou \u00e0 d\u00e9guster sur place. Les ingr\u00e9dients proviennent du magasin Alpilles Bio situ\u00e9 juste en face, tous issus de l\u2019agriculture biologique.<\/span><\/p>\n<p>[\/et_pb_text][\/et_pb_column][\/et_pb_row][et_pb_row column_structure=\u00a0\u00bb1_2,1_2&Prime; _builder_version=\u00a0\u00bb4.23.1&Prime; _module_preset=\u00a0\u00bbdefault\u00a0\u00bb global_colors_info=\u00a0\u00bb{}\u00a0\u00bb][et_pb_column type=\u00a0\u00bb1_2&Prime; _builder_version=\u00a0\u00bb4.23.1&Prime; _module_preset=\u00a0\u00bbdefault\u00a0\u00bb global_colors_info=\u00a0\u00bb{}\u00a0\u00bb][et_pb_image src=\u00a0\u00bbhttp:\/\/alpillesbio.lombard.ovh\/wp-content\/uploads\/2024\/04\/Alpilles-Bio-Terre-et-ble-4Q5A0690-@JLombard.webp\u00a0\u00bb title_text=\u00a0\u00bbAlpilles Bio &#8211; Terre et bl\u00e9 &#8211; 4Q5A0690 &#8211; @JLombard\u00a0\u00bb _builder_version=\u00a0\u00bb4.23.1&Prime; _module_preset=\u00a0\u00bbdefault\u00a0\u00bb global_colors_info=\u00a0\u00bb{}\u00a0\u00bb][\/et_pb_image][\/et_pb_column][et_pb_column type=\u00a0\u00bb1_2&Prime; _builder_version=\u00a0\u00bb4.23.1&Prime; _module_preset=\u00a0\u00bbdefault\u00a0\u00bb global_colors_info=\u00a0\u00bb{}\u00a0\u00bb][et_pb_image src=\u00a0\u00bbhttp:\/\/alpillesbio.lombard.ovh\/wp-content\/uploads\/2024\/04\/Alpilles-Bio-Terre-et-ble-4Q5A0675-@JLombard.webp\u00a0\u00bb title_text=\u00a0\u00bbAlpilles Bio &#8211; Terre et bl\u00e9 &#8211; 4Q5A0675 &#8211; @JLombard\u00a0\u00bb _builder_version=\u00a0\u00bb4.23.1&Prime; _module_preset=\u00a0\u00bbdefault\u00a0\u00bb global_colors_info=\u00a0\u00bb{}\u00a0\u00bb][\/et_pb_image][\/et_pb_column][\/et_pb_row][\/et_pb_section]<\/p>\n","protected":false},"excerpt":{"rendered":"<p>Th\u00e9rapeutesToujours \u00e0 l\u2019\u00e9coute de vos besoins et de votre exigence, nos partenaires th\u00e9rapeutes vous re\u00e7oivent au magasin Alpilles Bio. Professionnels et comp\u00e9tents ils s\u2019investissent et s\u2019engagent pour vous proposer toujours plus de conseils et de services.Dipl\u00f4m\u00e9e de l\u2019\u00e9cole Euronat d\u2019Aix en Provence depuis 2011 et responsable du rayon compl\u00e9ments alimentaires du magasin Alpilles Bio, Mila [&hellip;]<\/p>\n","protected":false},"author":1,"featured_media":2493,"parent":0,"menu_order":0,"comment_status":"closed","ping_status":"closed","template":"","meta":{"_et_pb_use_builder":"on","_et_pb_old_content":"","_et_gb_content_width":"","_mo_disable_npp":"","inline_featured_image":false,"footnotes":""},"class_list":["post-1138","page","type-page","status-publish","has-post-thumbnail","hentry"],"_links":{"self":[{"href":"https:\/\/alpillesbio.lombard.ovh\/index.php\/wp-json\/wp\/v2\/pages\/1138","targetHints":{"allow":["GET"]}}],"collection":[{"href":"https:\/\/alpillesbio.lombard.ovh\/index.php\/wp-json\/wp\/v2\/pages"}],"about":[{"href":"https:\/\/alpillesbio.lombard.ovh\/index.php\/wp-json\/wp\/v2\/types\/page"}],"author":[{"embeddable":true,"href":"https:\/\/alpillesbio.lombard.ovh\/index.php\/wp-json\/wp\/v2\/users\/1"}],"replies":[{"embeddable":true,"href":"https:\/\/alpillesbio.lombard.ovh\/index.php\/wp-json\/wp\/v2\/comments?post=1138"}],"version-history":[{"count":23,"href":"https:\/\/alpillesbio.lombard.ovh\/index.php\/wp-json\/wp\/v2\/pages\/1138\/revisions"}],"predecessor-version":[{"id":3047,"href":"https:\/\/alpillesbio.lombard.ovh\/index.php\/wp-json\/wp\/v2\/pages\/1138\/revisions\/3047"}],"wp:featuredmedia":[{"embeddable":true,"href":"https:\/\/alpillesbio.lombard.ovh\/index.php\/wp-json\/wp\/v2\/media\/2493"}],"wp:attachment":[{"href":"https:\/\/alpillesbio.lombard.ovh\/index.php\/wp-json\/wp\/v2\/media?parent=1138"}],"curies":[{"name":"wp","href":"https:\/\/api.w.org\/{rel}","templated":true}]}}